8/(-2))/(-1). Let z = i - 200. Suppose 2*h - 67 = 5*u, -z = -3*h - 3*u + u. What is the units digit of h?
6
Let o(d) = -4*d - 50. Let i(s) = 9*s + 100. Let a(v) = 3*i(v) + 5*o(v). Let k be a(-7). What is the units digit of (12 - -1)/(k + 0)?
3
Suppose 3*g - 4*v - 23 = v, 5*g - 33 = 3*v. Suppose -8*l = -g*l - 28. Let a = l - -176. What is the tens digit of a?
9
Suppose -7*g - 17*g + 1430800 = 467320. What is the thousands digit of g?
0
Suppose 108057 = 2*p + 3*u, -3*p - 18*u + 162083 = -16*u. What is the thousands digit of p?
4
Suppose -670667 - 165824 = -24*m + 138077. What is the tens digit of m?
0
Let k = -144 - -168. Suppose 3*m - 123 - k = 0. What is the tens digit of m?
4
Suppose -148 = -7*q - 113. Suppose 0 = -q*t - 5*h + 3410, 3*t - 6*h + 2*h = 2032. What is the hundreds digit of t?
6
Suppose -10*q = -4*q - 24. Suppose b - 47 = -2*i, -3*b = q*i + 12 - 163. What is the tens digit of b?
5
Let x = 260 - 258. Suppose -x*h - 4*t = -2042, 4*t = -3*h - 0*t + 3071. What is the tens digit of h?
2
Suppose 0 = 84*v - 55*v - 58. What is the units digit of (-27)/(-27)*28*v?
6
Let f be 1481/6 - -2 - (-2)/12. Suppose f*v + 2088 = 255*v. What is the tens digit of v?
4
Let n be ((-1)/2)/(5/(-10)). What is the hundreds digit of (1370/(-15))/(2/(-9)) + n?
4
Let k(y) = -157 - 32*y + 82 - 6*y + 77 - 18*y. What is the hundreds digit of k(-17)?
9
Suppose 0 = 3*a - 4*w - 15011, -4*a + 3*w + 2645 = -17372. What is the units digit of a?
5
Let u(q) = 4*q**2 + 26*q - 97. What is the units digit of u(16)?
3
Suppose -5*r = 3*u + 12, 3 = 5*u - 3*r - 11. Let m be -20 + 24 + (-1 - u). Suppose m*b + 3*b - 285 = 0. What is the units digit of b?
7
Let h be (2 + 0)*1/(-2)*-1. Let c be (h/5)/1 + 18/10. Suppose 0 = -3*a - c*a + 50. What is the tens digit of a?
1
Let a(o) = o**3 - 2*o**2 - 6*o - 3. Let f be a(-1). Suppose 2*w - 119 = -5*c, -4*w - 137 = -5*c - f*w. What is the tens digit of c?
2
Suppose -3*w + 20326 = 3*l - 4*l, w = 2*l + 6767. What is the hundreds digit of w?
7
Let r(s) = 2*s - 4. Let c be r(3). Suppose 5*f + 4*d - 149 = -0*f, -4*d = -c*f + 82. Suppose f = 34*z - 33*z. What is the tens digit of z?
3
Let u = 5809 - 2184. Suppose 2*s = 4*g + 864 + 612, 3*g - u = -5*s. What is the hundreds digit of s?
7
Let m(a) = 44*a - 27. Let k(l) = -48*l + 26. Let s(f) = 2*k(f) + 3*m(f). What is the tens digit of s(35)?
3
Let q(w) = -w**3 - 16*w**2 - w - 3. Let y be q(-16). Suppose -5*c + y + 2 = 0. Suppose 452 = -c*v + 7*v. What is the tens digit of v?
1
Let r be (-4*4)/((-32)/912). Suppose 0 = 4*n - 3*i - 660, 4*n - 220 = -i + r. What is the tens digit of n?
6
Let z(i) = 2205*i - 12. Let v be z(1). Suppose -2*s - 4227 = -5*w + v, -w + 1272 = 2*s. What is the thousands digit of w?
1
Let g be ((-45)/6)/(-5)*966/3. Let u = -264 + g. What is the hundreds digit of u?
2
Let j(o) = -2*o**2 + 8*o - 9. Suppose 8*m - 49 = m. Let x be j(m). Let q = -38 - x. What is the units digit of q?
3
Let i = -6771 - -19084. What is the hundreds digit of i?
3
Let p = -1285 + 1866. Suppose b - p = 2*o, -2*b + 278 = -o - 4*b. Let f = o - -453. What is the hundreds digit of f?
1
Suppose 0 = -5*y + p + 11, 11 = 3*y - 2*p - 3*p. Suppose -y*c + 8*c = -156. What is the tens digit of (c - 0)*(-30)/12?
6
Let j(q) = 222*q**2 + q + 50. What is the units digit of j(8)?
6
Suppose -7*z - 86 = 278. Let o = -276 + 157. Let u = z - o. What is the units digit of u?
7
Let b(r) = r**2 + r + 2. Let q be b(-4). Suppose 15*c = q*c + 1554. What is the units digit of c?
4
Let m(f) = 183*f**2 - 104*f + 1033. What is the units digit of m(11)?
2
Let w(k) = 7*k**2 - 10*k + 16. Let c be w(4). Suppose 93*n = c*n + 2465. What is the hundreds digit of n?
4
Let w be ((-21)/((-63)/40))/(2/87). Let y = 884 - w. What is the hundreds digit of y?
3
Suppose 3*a = 3*l - 882, -7*l + 9*l + 3*a = 578. What is the tens digit of ((-20)/(-4) - 5) + l?
9
Let s(g) = 26*g - 1. Let r(j) = j - 3. Let y be r(2). Let c(d) = d. Let h(o) = y*s(o) + c(o). What is the tens digit of h(-2)?
5
Suppose 0 = 3*b - 2 - 4. Suppose -2*z + 3*u = -16, 0*z - 4*z + b*u = -24. Suppose -z*t - 3*t + 464 = 0. What is the tens digit of t?
5
Let v(c) = 30*c**3 - 4*c**2 + 9*c. What is the hundreds digit of v(3)?
8
What is the ten thousands digit of 5*(699320/(-70)*-1)/(30/21)?
3
What is the ten thousands digit of (-404150)/411*(234/(-4) - 0)?
5
What is the tens digit of 30/(-9)*(-4698819)/885?
9
Suppose 5*y - 6 = 19, 0 = -4*j - 4*y + 836. Suppose -41*t + j = -45*t. Let k = t - -74. What is the tens digit of k?
2
Let o(w) = -w**3 - 6*w**2 + 2. Let s be o(-7). Let b = s - 46. Suppose t + 214 = -0*n + b*n, 4*n - 2*t - 176 = 0. What is the units digit of n?
2
Let n be 2/1*(-4 + 6)*-323. Let s = -736 - n. What is the hundreds digit of s?
5
What is the thousands digit of (12 + (-468)/(-14) - 4)*(68 + 2)?
2
Let m(g) = 625*g**3 + 24*g**2 + 8*g + 2. What is the hundreds digit of m(3)?
1
Let l(c) = -c**3 - 3*c**2 - 5*c - 3. Let k be l(-2). Let x be (-2)/8*k*84. What is the tens digit of (x/12)/(9/(-120))?
7
Suppose 434229 = 102*y - 570853 - 249008. What is the tens digit of y?
9
Suppose 1349*g = 1365*g - 236624. What is the thousands digit of g?
4
Suppose -d + 0*d + 7 = 4*v, 5*v = 5*d + 40. What is the thousands digit of (4/v)/((-6)/77220*-12)?
1
Suppose -5*q + 5 = 4*u, -2*u + 6*q - 4*q - 2 = 0. Suppose u = -c - w + 279, 0*w - 16 = 4*w. What is the tens digit of c?
8
Suppose 110*a - 108024 = 54*a. What is the thousands digit of a?
1
Let i(p) = 347*p**2 + 6*p - 65. What is the tens digit of i(5)?
4
Let h be 1/3*1*24/8. Let s = h + 3. What is the units digit of s?
4
Let y(j) = j**2 + 5*j + 8. Let z be y(-5). Let x(h) = 13*h - 36 - 124*h**2 + 59*h**2 - 3*h + 67*h**2. What is the hundreds digit of x(z)?
1
Suppose -8*x + 2576 + 5256 = 0. Let i = x - 549. What is the tens digit of i?
3
Let q(i) = -5 + 43*i**2 - 4*i - 24*i**2 - 44*i**3 - 19*i**2 + 2. What is the hundreds digit of q(-2)?
3
Let h be (-3173)/(-167) - 7*1. Suppose l + 4*i - 23 = 0, 0 = -0*l - 4*l + 2*i + 92. What is the tens digit of (1 - l)*(-54)/h?
9
What is the thousands digit of 144072/920*170/2?
3
Suppose -2*j - 120 = -5*v + 3*j, -v + 33 = 2*j. Suppose 68*h - 63*h - 195 = 0. Suppose d - h = v. What is the units digit of d?
6
Suppose -19*m - 8228 = -8*m. What is the hundreds digit of (4/2)/(5 + 3736/m)?
3
Suppose -8*p = -13*p - 215. Let s = p - -43. Suppose 2*t - 71 - 135 = s. What is the tens digit of t?
0
Let d be 3/(-15) - 17/(85/14). Let b(i) be the first derivative of 2*i**3 - 3*i**2 - 6*i - 17. What is the tens digit of b(d)?
6
Let i(b) = 18*b - 177. Let d be i(10). What is the hundreds digit of ((-8060)/25)/(d/(1 - 16))?
6
Let g(x) = -3*x**2 - x - 176. Let v(p) = -p**2 + p + 1. Let t(i) = -g(i) + 4*v(i). Suppose -3*m = -8*m. What is the units digit of t(m)?
0
Let u be (-900)/110 - 10/(-55). What is the units digit of 8/6*-921*u/16?
4
Suppose -140*g + 1300914 = -113*g. What is the units digit of g?
2
Suppose -4*y - 8998 = -i, 108*y = -2*i + 111*y + 18001. What is the thousands digit of i?
9
Suppose 2*i = 12 - 8. Suppose 4*g = -3*v + 272, 7*v - i*v - 3*g = 492. Suppose 0 = -2*b + 5*y + v, 3*b - 85 = 5*y + 59. What is the tens digit of b?
4
Let j = 272 - 285. Let f(g) = -33*g - 210. What is the units digit of f(j)?
9
Let b(o) = 2*o**2 - 12*o - 6. Let f be b(7). Let c be (-1 + 1 + 0)/(9 - f). Suppose c = -9*v + 83 + 61. What is the tens digit of v?
1
Suppose -2294 = -3*n + 3*g + 7699, -3*n + 7*g = -10001. What is the thousands digit of n?
3
Suppose -4*p + v - 6*v + 16 = 0, -15 = -3*p - 3*v. Suppose 1113 = 2*k - p*k. Let j = 280 + k. What is the tens digit of j?
2
What is the units digit of 22187 + (-45)/6 + 5/2?
2
Suppose 54725 = 18*z - 97109 - 214214. What is the tens digit of z?
3
Let h = 6787 - 4961. What is the thousands digit of h?
1
Suppose 600 = -15*a + 27*a. Suppose -48*u = -a*u + 632. What is the hundreds digit of u?
3
Let k = 23058 - 15336. What is the hundreds digit of k?
7
Let o(g) = g**2 + 13*g - 66. Let l be o(-17). Suppose -r = r + l, 1135 = 4*j + 5*r. What is the hundreds digit of j?
2
Suppose 0 = -5*q - 2*m - 31, -m - 24 = 4*q + 2. Let k(n) = n - 7. Let y be k(q). What is the units digit of (24/y)/(8/(-392))?
4
Suppose 5*a + 2*p = 47108, 112*a - 110*a = -p + 18842. What is the tens digit of a?
2
Su